= 145 - 85. Let o = u - 35. Let q = 10 + o. Is q a prime number?
False
Let z be 4/(((-6)/4)/(-3)). Let s = 10 + -6. Suppose 0 = -5*n + 4*v + 55, 12 + z = -s*v. Is n a prime number?
True
Let b(w) = 34*w**2 + 2*w - 1. Let j be b(2). Let x = j + -81. Is x composite?
True
Suppose 2219 = 3*i + 4*i. Is i a composite number?
False
Let p(l) = -10*l + 3. Is p(-8) a composite number?
False
Let v be (-4)/18 + (-11543)/(-63). Let l = -126 + v. Is l composite?
True
Suppose 4*c - l + 45 = 0, 5*c = -l - 23 - 31. Let g(j) = -j**2 - 12*j + 14. Is g(c) composite?
True
Suppose -p - 2277 = -10*p. Is p a prime number?
False
Suppose t + 5*i + 9 = 35, -30 = -5*t - 5*i. Let r(f) = 404*f**2 - f + 1. Let q be r(t). Suppose -3*o + 2*u = -8*o + q, 4*o - 3*u = 337. Is o prime?
False
Suppose 5*a - 49 = -3*b, 3 = 3*b - 4*a - 1. Let x = 5 - b. Is ((-296)/(-12))/((-2)/x) prime?
True
Let s = -1872 - -3223. Is s prime?
False
Suppose 621 = 5*u - 3674. Is u a prime number?
True
Let o(h) = -14*h**3 + 3*h**2 + 2*h + 3. Let g be o(-2). Is (g/2)/((-15)/(-20)) prime?
False
Suppose -2*z + 0*z + 2 = b, -3*b - z = -6. Is 103/((3 - b)*1) a prime number?
True
Let q(k) = k**3 + 11*k**2 - k + 12. Is q(-10) a composite number?
True
Suppose -5*d = -4*d - 211. Is d composite?
False
Let s(o) = 237*o + 14. Is s(7) prime?
False
Is 393/12 + 2/8 prime?
False
Let n(k) = -6*k**3 - 2*k**2 + k + 6. Let c(p) = -5*p**3 - p**2 + 5. Let i(b) = -5*c(b) + 4*n(b). Is i(6) a composite number?
False
Let p(g) = 26*g**2 + 2*g - 5. Is p(3) composite?
True
Let p(l) = l**3 - l**2 + 3*l - 3. Let z be p(4). Suppose -y - 2*y = 0, -y + z = 3*i. Is i composite?
False
Let o = 21 - 16. Suppose -v + o*v - 132 = 0. Is v a prime number?
False
Let v(f) = -f - 4. Let t be v(-10). Suppose -m + t*m = 75. Let w = m - 8. Is w composite?
False
Let c be (-2)/((-12)/(-3))*16. Is (c/16)/(1/(-38)) a prime number?
True
Suppose 4*k - 13 = 3. Suppose 2 = -u + k. Suppose 3*z - 11 = u*z. Is z a composite number?
False
Let h(u) = -u**3 + u - 9. Let k be h(0). Let j be (0 - k) + (-9)/3. Is (10/3)/(j/27) prime?
False
Let a(m) = -m**3 - 3*m**2 + 3*m - 2. Let d = -7 + 3. Let c be a(d). Let t(g) = 18*g**2 + 3*g - 1. Is t(c) composite?
True
Suppose -4*m + 2*k = -2306, -4*k + 194 = -m + 753. Is m a composite number?
True
Suppose -n = -0*n - 19. Suppose -n = f - 66. Is f a composite number?
False
Let r(n) = -n**3 - n**2 - 3. Let z be r(-3). Let w = 174 + -94. Suppose 5*h - z = w. Is h a composite number?
False
Let w = 8 + -11. Let j be ((-34)/w)/((-4)/(-6)). Let o = j + -7. Is o a prime number?
False
Suppose 5*v + 40 = 4*p, -5*p - 2*v + 7*v + 45 = 0. Suppose 3*a - 6*m - 15 = -3*m, -p*a + 25 = 4*m. Suppose -20 = -k + a. Is k composite?
True
Let l(c) = -c**3 + 7*c**2 + 4*c + 5. Let z be l(5). Suppose 2*p = -3*p - z. Let u = p - -25. Is u a prime number?
False
Let k(s) = s + 4. Let q be k(-2). Suppose -3*a - 186 = -3*v, -q*a + 6 = -5*a. Suppose 2*z - v = -2*u + 44, -u + 51 = 2*z. Is u composite?
False
Is (290/(-5))/((-2)/13) prime?
False
Let h be ((-66)/4)/(9/54). Let f = -46 - h. Is f composite?
False
Suppose -2*y + 444 = 2*m - 0*y, -5*m + 1101 = -4*y. Is m a composite number?
True
Suppose -3*q + 1922 = -1105. Is q prime?
True
Suppose 18*m - 1585 = 13*m. Is m a prime number?
True
Let h(r) = r**3 + 4*r**2 - 2*r - 5. Let c be h(5). Let m = c - 387. Is (-2 + 1)/(3/m) a composite number?
False
Suppose -1104 = -3*k + 945. Is k a composite number?
False
Suppose 0*w - k = w + 10, 0 = w - 5*k - 14. Is (-820)/w*(-15)/(-10) composite?
True
Let i(y) = -11*y + 51*y - 1 - 29*y + 81*y. Is i(1) composite?
True
Suppose 0*y - 3*u + 37 = -4*y, 5*y + 29 = -2*u. Let c(v) = -16*v + 7. Is c(y) prime?
False
Suppose 0 = -d + 19*d - 2898. Is d a composite number?
True
Let z(w) = 55*w**2 + w - 1. Let q be -2 - (0 + 1 + -4). Is z(q) a composite number?
True
Suppose -5*z + 29 = 9. Suppose -l - 18 = -n - 2*n, 0 = z*l. Is n prime?
False
Let b = 6 - 7. Let z = 15 + b. Is z prime?
False
Let p = -59 - -124. Is p a composite number?
True
Is (4 + 424)/2 + -3 a prime number?
True
Suppose 0 = -2*d + 390 + 212. Is d a prime number?
False
Let s = 115 + 276. Is s composite?
True
Suppose 227 = 5*j - 68. Is j composite?
False
Suppose -138 = 3*x - 6. Suppose -105 = 5*y - 4*y - 4*t, 5*t = -y - 87. Let z = x - y. Is z composite?
False
Suppose 0 = 5*c - 22 - 3. Suppose -c*i + 775 = -0*i. Suppose 0 = 5*m - 5*y - 155, -2*m + 7*m = 3*y + i. Is m prime?
True
Let g = -8 - -12. Let h = g + -1. Suppose -h*a - a = -52. Is a prime?
True
Let i(o) = 24*o - 11. Is i(5) composite?
False
Let v(z) = z**2 + 2*z - 3. Let m be v(-3). Let x = m - 4. Let p(s) = -s**3 - 3*s**2 + s - 5. Is p(x) a composite number?
False
Let i be ((-2)/5)/((-2)/10). Let h = 3 + -1. Suppose -2*y = -3*u + 54 + 107, i*u = -h*y + 94. Is u composite?
True
Let l(a) = -a**2 - 5*a - 1. Let f be l(-4). Let w(h) = 2*h - 4. Let p be w(f). Suppose p*b - 75 = -3*b. Is b composite?
True
Suppose -o + 3*x + 523 = 0, -4*x + 0*x - 1569 = -3*o. Suppose -o = -4*g - 4*t + 293, -4*g + 776 = -4*t. Is g a composite number?
False
Let s(x) = -72*x - 9. Let b be s(-7). Let r be (b/6 + 1)*2. Suppose 0 = 3*u + 2*i - r, -4*i + 179 = 3*u + i. Is u a prime number?
True
Let g = 82 - 36. Is g a prime number?
False
Suppose 0 = 2*i - 0*i. Let o(h) = -h**3 + h**2 - h + 5. Let g be o(i). Suppose -4*t - 5*d + 109 = -112, 0 = 2*t + g*d - 123. Is t prime?
False
Suppose 31 = -3*c - 4*t + 3*t, -2 = 2*c - 4*t. Let p(k) = -6*k - 5. Is p(c) a prime number?
False
Let f = -348 - -551. Is f prime?
False
Let h be 1*(-3 + 3)/3. Suppose 5*d - 2*z - 445 = h, 3*d - 445 = -2*d + 5*z. Is d prime?
True
Suppose -3*h + 193 = 2*b, -b - 4*b + 478 = 3*h. Is b composite?
True
Let v be (-4)/(-12) - 10/(-6). Let m be ((-6)/(-15))/((-1)/10). Is (v/3)/(m/(-18)) prime?
True
Let a be (-24440)/(-12) - (-4)/(-6). Suppose -a = -3*m - q, -2*m = 2*m - 4*q - 2720. Is m prime?
False
Suppose -5*i = -5*q - 45, 5*i - 51 = i + q. Let a = i - 9. Suppose 3*v = a*y - 24 - 16, -5*y - 4*v = -75. Is y a prime number?
True
Let q(i) = -43*i**2 - 2*i. Let x be q(-4). Let f = -421 - x. Is f a prime number?
False
Let j(z) = z**3 + 7*z**2 - 14*z - 1. Is j(7) a composite number?
False
Let z be (5 + -3)*427/(-2). Let p = z - -654. Suppose -3*x = d - p, 2*x - 185 = 3*d - 19. Is x composite?
True
Let c = -238 + 395. Is c a composite number?
False
Let i = -1 - -3. Let g(u) = u**3 + 3*u - 3. Is g(i) a prime number?
True
Let x(u) = -23*u - 10. Is x(-4) a composite number?
True
Suppose 107 = -4*i + 11. Is ((-54)/i)/((-3)/(-8)) a prime number?
False
Suppose 7*z + 4*i - 39499 = 2*z, 0 = -5*z + i + 39519. Is z prime?
False
Let t(f) = f. Let c(g) = -43*g + 1. Let b(s) = c(s) - 2*t(s). Is b(-2) prime?
False
Let b be 2/(-3) - 8/(-12). Suppose 3*d + 2*d - 155 = b. Is d a composite number?
False
Let i(o) = o**3 - 11*o**2 + 7*o - 9. Is i(12) a composite number?
True
Let v be 1/((-4)/(-28) + 0). Let r = v + 0. Is r a composite number?
False
Suppose 4*y - 35 = a, -1 = -y - a + 4. Let m(r) = r**3 - 8*r**2 + 4*r + 5. Is m(y) prime?
True
Let z be ((-20)/4)/((-1)/37). Suppose 4*c - 102 = 2*v - 284, -2*v + z = -c. Is v composite?
True
Suppose -4344 = -6*i - 558. Is i prime?
True
Suppose 3*r + b + 21 = 0, 0*r + 31 = -2*r + 5*b. Let z(x) = x**2 - 4*x - 3. Is z(r) a prime number?
False
Let x(c) be the third derivative of -c**4/12 - c**3 + c**2. Let r be x(-4). Suppose n - 112 = -3*n - r*q, -q - 48 = -2*n. Is n prime?
False
Suppose 0 = -5*c - 2*i + 5877, -9*i = c - 6*i - 1165. Is c a composite number?
True
Suppose 3*g = -3*r, -4*r + g + 18 = r. Let m(z) = -3*z**2 + 5*z**2 - 2 + 2*z - 3*z**3 + 2*z**r. Is m(-3) a prime number?
True
Let d = -127 - -192. Is d a prime number?
False
Let x = 913 + -44. Is x a composite number?
True
Suppose -2*a - 2*a = -12, 1166 = 2*u - 4*a. Is u a prime number?
False
Let f be (-3)/2*(-2792)/6. Let d = -397 + f. Is d prime?
False
Suppose 5*y + 2381 = 3*k, 10 - 2 = 4*y. Is k a prime number?
True
Let b(p) = p**2 + 9*p - 5. Let k be b(-10). Let s be (3/3)/(1/3). Suppose 3*j - 6*j = -s*x - 42, -60 = -5*j - k*x. Is j a prime number?
True
Suppose 53 + 37 = 4*t - 2*w, 3*t - 51 = -4*w. Is t a composite number?
True
Let k = -4 - -181. Suppose -277 = -3*i - g, -5*g - k = 5*i - 632. Let t = i + -56. Is t composite?
False
Suppose u + 7